{"id":467,"date":"2020-12-10T13:34:56","date_gmt":"2020-12-10T16:34:56","guid":{"rendered":"http:\/\/www.hcdelcalafate.gov.ar\/portal\/?page_id=467"},"modified":"2025-09-04T13:13:33","modified_gmt":"2025-09-04T16:13:33","slug":"marco-general","status":"publish","type":"page","link":"https:\/\/www.hcdelcalafate.gob.ar\/portal\/marco-general\/","title":{"rendered":"Marco General"},"content":{"rendered":"\t\t<div data-elementor-type=\"wp-page\" data-elementor-id=\"467\" class=\"elementor elementor-467\">\n\t\t\t\t\t\t<section class=\"elementor-section elementor-top-section elementor-element elementor-element-2c9a47a elementor-section-boxed elementor-section-height-default elementor-section-height-default\" data-id=\"2c9a47a\" data-element_type=\"section\" data-e-type=\"section\">\n\t\t\t\t\t\t<div class=\"elementor-container elementor-column-gap-default\">\n\t\t\t\t\t<div class=\"elementor-column elementor-col-100 elementor-top-column elementor-element elementor-element-8f1b66d\" data-id=\"8f1b66d\" data-element_type=\"column\" data-e-type=\"column\">\n\t\t\t<div class=\"elementor-widget-wrap elementor-element-populated\">\n\t\t\t\t\t\t<div class=\"elementor-element elementor-element-35e4dd2 elementor-widget elementor-widget-text-editor\" data-id=\"35e4dd2\" data-element_type=\"widget\" data-e-type=\"widget\" data-widget_type=\"text-editor.default\">\n\t\t\t\t<div class=\"elementor-widget-container\">\n\t\t\t\t\t\t\t\t\t<p>Las comunidades humanas dentro de un mismo estado se organizan en distintos niveles de gobierno. Cada uno de estos niveles cuenta con una porci\u00f3n de territorio, un agrupamiento de personas y un Gobierno que ordena las relaciones humanas y las actividades que se desarrollan en ese territorio.<br>Estos niveles est\u00e1n organizados por orden de jerarqu\u00eda, donde cada uno se encuentra subordinado a los escalones que lo preceden. La Constituci\u00f3n Nacional prev\u00e9 tres niveles de gobierno: la Naci\u00f3n, la Provincia, y los Municipios.<\/p>\n<ul>\n<li>\n<p>La Naci\u00f3n constituye el nivel superior y es soberana; o sea que puede dictar sus propias normas y autogobernarse, sin que exista por encima de \u00e9l ning\u00fan otro nivel superior.<\/p>\n<\/li>\n<li>\n<p>Las Provincias est\u00e1n por debajo de la Naci\u00f3n y son aut\u00f3nomas, pueden dictar sus propias normas y autogobernarse, pero encuadr\u00e1ndose dentro de las pautas establecidas por el o los niveles que se encuentran en un orden de jerarqu\u00eda superior al suyo.<\/p>\n<\/li>\n<li>\n<p>Los Municipios est\u00e1n por debajo de las Provincias y son, para algunos especialistas, aut\u00f3nomos y para otros, aut\u00e1rquicos, el gobierno s\u00f3lo puede administrarse a s\u00ed mismo, sobre la base de normas generales que son dictadas por el o los niveles superiores.<\/p>\n<\/li>\n<\/ul>\n<p>El Municipio es el nivel inferior de gobierno, cuenta con un territorio, una poblaci\u00f3n y un gobierno, y tiene por finalidad satisfacer las necesidades p\u00fablicas de las comunidades que lo componen.<br>La organizaci\u00f3n del gobierno municipal en un pa\u00eds democr\u00e1tico presenta la caracter\u00edstica de un estado de derecho, destacado por el imperio de la ley, el reconocimiento de los derechos individuales, la separaci\u00f3n de los poderes, la elecci\u00f3n de las autoridades a trav\u00e9s del sufragio y el pluralismo pol\u00edtico.<br>El Municipio dicta tambi\u00e9n sus propias normas a efectos de poner en ejercicio sus competencias. Estas normas generales se llaman Ordenanzas.<\/p>\n<p>Los habitantes de los municipios eligen a sus propias autoridades, constituy\u00e9ndose as\u00ed un gobierno representativo del pueblo, desempe\u00f1ando funciones ejecutivas o legislativas.<\/p>\n<div>\n<p>El Municipio est\u00e1 compuesto de un Departamento Ejecutivo, desempe\u00f1ado por un ciudadano con el t\u00edtulo de Intendente, y de un Departamento Legislativo, desempe\u00f1ado por ciudadanos con el t\u00edtulo de Concejal. Adem\u00e1s de ellos existe un Poder Judicial incipiente: el Tribunal de Faltas.<br>El Intendente y los Concejales son elegidos directamente por el pueblo, dur\u00e1n cuatro (4) a\u00f1os en sus funciones y podr\u00e1n ser reelectos.&nbsp;<\/p>\n<\/div>\n<h5>CONCEJO CON \u201cC\u201d<\/h5>\n<p>En el caso del Concejo Deliberante se escribe con \u201cc\u201d porque esta palabra proviene del lat\u00edn \"concilium\" que significa \u201cconciliar\u201d en una reuni\u00f3n entre vecinos. No se debe confundir con consejo, t\u00e9rmino con el que se denominan las instituciones que \u201caconsejan\u201d, proponen o sugieren como Consejo Escolar, Consejo Vaticano o Consejo de Defensa.<\/p>\t\t\t\t\t\t\t\t<\/div>\n\t\t\t\t<\/div>\n\t\t\t\t\t<\/div>\n\t\t<\/div>\n\t\t\t\t\t<\/div>\n\t\t<\/section>\n\t\t\t\t<section class=\"elementor-section elementor-top-section elementor-element elementor-element-499e837 elementor-section-boxed elementor-section-height-default elementor-section-height-default\" data-id=\"499e837\" data-element_type=\"section\" data-e-type=\"section\">\n\t\t\t\t\t\t<div class=\"elementor-container elementor-column-gap-default\">\n\t\t\t\t\t<div class=\"elementor-column elementor-col-100 elementor-top-column elementor-element elementor-element-cc14fa6\" data-id=\"cc14fa6\" data-element_type=\"column\" data-e-type=\"column\">\n\t\t\t<div class=\"elementor-widget-wrap elementor-element-populated\">\n\t\t\t\t\t\t<div class=\"elementor-element elementor-element-0f6fd31 elementor-widget elementor-widget-text-editor\" data-id=\"0f6fd31\" data-element_type=\"widget\" data-e-type=\"widget\" data-widget_type=\"text-editor.default\">\n\t\t\t\t<div class=\"elementor-widget-container\">\n\t\t\t\t\t\t\t\t\t<div>\u00a0<\/div><h5>ORDENANZAS<\/h5><p>- Las Ordenanzas ser\u00e1n publicadas una vez promulgadas, seg\u00fan se establece en el Art. N\u00b0 61 Inc. \u201ca\u201d de la Ley Provincial N\u00b0 55.<\/p><p>- Las Ordenanzas originales anteriores al a\u00f1o 1995 fueron digitalizadas con la dificultad correspondiente por ser documentos impresos en m\u00e1quina de escribir y papel descolorido por el tiempo, donde algunos resultan ilegibles para la digitalizaci\u00f3n convencional. Igualmente est\u00e1n disponibles al p\u00fablico para acercarse a nuestras oficinas de la Secretar\u00eda General Administrativa y solicitar los originales.<\/p>\t\t\t\t\t\t\t\t<\/div>\n\t\t\t\t<\/div>\n\t\t\t\t\t<\/div>\n\t\t<\/div>\n\t\t\t\t\t<\/div>\n\t\t<\/section>\n\t\t\t\t<\/div>\n\t\t","protected":false},"excerpt":{"rendered":"<p>Las comunidades humanas dentro de un mismo estado se organizan en distintos niveles de gobierno. Cada uno de estos niveles cuenta con una porci\u00f3n de territorio, un agrupamiento de personas&hellip; <\/p>\n","protected":false},"author":1,"featured_media":0,"parent":0,"menu_order":0,"comment_status":"closed","ping_status":"closed","template":"","meta":{"footnotes":""},"class_list":["post-467","page","type-page","status-publish","hentry"],"_links":{"self":[{"href":"https:\/\/www.hcdelcalafate.gob.ar\/portal\/wp-json\/wp\/v2\/pages\/467","targetHints":{"allow":["GET"]}}],"collection":[{"href":"https:\/\/www.hcdelcalafate.gob.ar\/portal\/wp-json\/wp\/v2\/pages"}],"about":[{"href":"https:\/\/www.hcdelcalafate.gob.ar\/portal\/wp-json\/wp\/v2\/types\/page"}],"author":[{"embeddable":true,"href":"https:\/\/www.hcdelcalafate.gob.ar\/portal\/wp-json\/wp\/v2\/users\/1"}],"replies":[{"embeddable":true,"href":"https:\/\/www.hcdelcalafate.gob.ar\/portal\/wp-json\/wp\/v2\/comments?post=467"}],"version-history":[{"count":41,"href":"https:\/\/www.hcdelcalafate.gob.ar\/portal\/wp-json\/wp\/v2\/pages\/467\/revisions"}],"predecessor-version":[{"id":26384,"href":"https:\/\/www.hcdelcalafate.gob.ar\/portal\/wp-json\/wp\/v2\/pages\/467\/revisions\/26384"}],"wp:attachment":[{"href":"https:\/\/www.hcdelcalafate.gob.ar\/portal\/wp-json\/wp\/v2\/media?parent=467"}],"curies":[{"name":"wp","href":"https:\/\/api.w.org\/{rel}","templated":true}]}}