{"id":1858,"date":"2002-01-01T00:06:03","date_gmt":"2002-01-01T03:06:03","guid":{"rendered":"http:\/\/www.hcdelcalafate.gob.ar\/portal\/?page_id=1858"},"modified":"2026-02-24T10:17:47","modified_gmt":"2026-02-24T13:17:47","slug":"ordenanzas-2002","status":"publish","type":"page","link":"https:\/\/www.hcdelcalafate.gob.ar\/portal\/ordenanzas-2002\/","title":{"rendered":"Ordenanzas 2002"},"content":{"rendered":"\n<ul class=\"lcp_catlist\" id=\"lcp_instance_0\"><li><a href=\"https:\/\/www.hcdelcalafate.gob.ar\/portal\/ordenanza-n-774-02\/\">Ordenanza N\u00b0 774\/02<\/a><div class=\"lcp_excerpt\">Modificar\u00a0Ordenanza N\u00b0 627\/01, referente al c\u00e1lculo de las erogaciones del ejercicio fiscal 2001.\n\t\t\t\n\t\t\t\t\t\tVER DOCUMENTO COMPLETO \/\/ Estado: VIGENTE\n\t\t\t\t\t\n<\/div><\/li><li><a href=\"https:\/\/www.hcdelcalafate.gob.ar\/portal\/ordenanza-n-773-02\/\">Ordenanza N\u00b0 773\/02<\/a><div class=\"lcp_excerpt\">Aprobar Presupuesto Municipal fiscal a\u00f1o 2003.\n\t\t\t\n\t\t\t\t\t\tVER DOCUMENTO COMPLETO \/\/ Estado: VIGENTE\n\t\t\t\t\t\n<\/div><\/li><li><a href=\"https:\/\/www.hcdelcalafate.gob.ar\/portal\/ordenanza-n-772-02\/\">Ordenanza N\u00b0 772\/02<\/a><div class=\"lcp_excerpt\">ESTABLEZCASE, que los gastos que demande la implementaci\u00f3n del Cr\u00e9dito Fiscal Municipal creado mediante Ordenanza Municipal N\u00ba 708\/HCD\/02, sean imputados a la cuenta de transferencias corrientes \u2013 Otras (1.3.1.7) del Presupuesto Municipal a\u00f1o 2003.\n\t\t\t\n\t\t\t\t\t\tVER DOCUMENTO COMPLETO \/\/ Estado: VIGENTE\n\t\t\t\t\t\n<\/div><\/li><li><a href=\"https:\/\/www.hcdelcalafate.gob.ar\/portal\/ordenanza-n-771-02\/\">Ordenanza N\u00b0 771\/02<\/a><div class=\"lcp_excerpt\">Aprobar el Decreto Municipal N\u00b0 1203\/02 Ad referendum, ref. autorizar al ejecutivo la realizar a trav\u00e9s de la escriban\u00eda INVERTI escrituras de lotes a favor del municipio.\n\t\t\t\n\t\t\t\t\t\tVER DOCUMENTO COMPLETO \/\/ Estado: VIGENTE\n\t\t\t\t\t\n<\/div><\/li><li><a href=\"https:\/\/www.hcdelcalafate.gob.ar\/portal\/ordenanza-n-770-02\/\">Ordenanza N\u00b0 770\/02<\/a><div class=\"lcp_excerpt\">Aprobar el Decreto Municipal N\u00b0 1186\/02 Ad referendum, ref. autorizar al ejecutivo la venta directa de los lotes en Bah\u00eda Soberana.\n\t\t\t\n\t\t\t\t\t\tVER DOCUMENTO COMPLETO \/\/ Estado: VIGENTE\n\t\t\t\t\t\n<\/div><\/li><li><a href=\"https:\/\/www.hcdelcalafate.gob.ar\/portal\/ordenanza-n-769-02\/\">Ordenanza N\u00b0 769\/02<\/a><div class=\"lcp_excerpt\">Adherir al Decreto Municipal N\u00b0 1204\/02, que establece pago de \"Premio a la Solidaridad\", a todos los agentes de la Administraci\u00f3n P\u00fablica Provincial de $ 400.\n\t\t\t\n\t\t\t\t\t\tVER DOCUMENTO COMPLETO \/\/ Estado: VIGENTE\n\t\t\t\t\t\n<\/div><\/li><li><a href=\"https:\/\/www.hcdelcalafate.gob.ar\/portal\/ordenanza-n-768-02\/\">Ordenanza N\u00b0 768\/02<\/a><div class=\"lcp_excerpt\">Incorporar Art. 2\u00b0 a la Ordenanza N\u00b0 734\/02, con el corrimiento de los art\u00edculos posteriores, con el sig. texto: \u201cDer\u00f3guese el Art. 28 de la Ordenanza N\u00ba 665\/01\u201d.\n\t\t\t\n\t\t\t\t\t\tVER DOCUMENTO COMPLETO \/\/ Estado: VIGENTE\n\t\t\t\t\t\n<\/div><\/li><li><a href=\"https:\/\/www.hcdelcalafate.gob.ar\/portal\/ordenanza-n-767-02\/\">Ordenanza N\u00b0 767\/02<\/a><div class=\"lcp_excerpt\">Declarar plaza p\u00fablica a la mz. 212, sup. 3400 m2, limita al Sur con calle Violeta Villalba, Norte con calle Justo Alz\u00faa, al Este con calle 71 y al Oeste con calle 75.\n\t\t\t\n\t\t\t\t\t\tVER DOCUMENTO COMPLETO \/\/ Estado: VIGENTE\n\t\t\t\t\t\n<\/div><\/li><li><a href=\"https:\/\/www.hcdelcalafate.gob.ar\/portal\/ordenanza-n-766-02\/\">Ordenanza N\u00b0 766\/02<\/a><div class=\"lcp_excerpt\">Si no se comprueba el pago de la multa, el infractor realizar\u00e1 tareas comunitarias.- \u00a0MODIFICA Art 2\u00b0 de la Ordenanza N\u00ba 661\/01.\n\t\t\t\n\t\t\t\t\t\tVER DOCUMENTO COMPLETO \/\/ Estado: VIGENTE\n\t\t\t\t\t\n<\/div><\/li><li><a href=\"https:\/\/www.hcdelcalafate.gob.ar\/portal\/ordenanza-n-765-02\/\">Ordenanza N\u00b0 765\/02<\/a><div class=\"lcp_excerpt\">Denominar a la calle N\u00b0 73 con el nombre de DOMINGO BODLOVIC.\n\t\t\t\n\t\t\t\t\t\tVER DOCUMENTO COMPLETO \/\/ Estado: VIGENTE\n\t\t\t\t\t\n<\/div><\/li><li><a href=\"https:\/\/www.hcdelcalafate.gob.ar\/portal\/ordenanza-n-764-02\/\">Ordenanza N\u00b0 764\/02<\/a><div class=\"lcp_excerpt\">Denominar con el nombre de PUERTO SAN JULIAN a la arteria 104; denominar con el nombre de PICO TRUNCADO a la arteria 105; denominar con el nombre LAS HERAS a la arteria 106; denominar con el nombre LOS ANTIGUOS a la arteria 107.\n\t\t\t\n\t\t\t\t\t\tVER DOCUMENTO COMPLETO \/\/ Estado: VIGENTE\n\t\t\t\t\t\n<\/div><\/li><li><a href=\"https:\/\/www.hcdelcalafate.gob.ar\/portal\/ordenanza-n-763-02\/\">Ordenanza N\u00b0 763\/02<\/a><div class=\"lcp_excerpt\">Denominar a la calle N\u00b0 75 con el nombre de GABRIEL VARAS.\n\t\t\t\n\t\t\t\t\t\tVER DOCUMENTO COMPLETO \/\/ Estado: VIGENTE\n\t\t\t\t\t\n<\/div><\/li><li><a href=\"https:\/\/www.hcdelcalafate.gob.ar\/portal\/ordenanza-n-762-02\/\">Ordenanza N\u00b0 762\/02<\/a><div class=\"lcp_excerpt\">Denominar con el nombre de LETICIA SERANTES DE ZUPIC al pje. en la mza. 353; denominar con el nombre de ANTONIO PEDRO ZUPIC a la calle entre mzas. 353 y 352; denominar con el nombre de SANTIAGO PERKIC a la calle entre mzas. 352 y 351; denominar con el nombre ...<\/div><\/li><li><a href=\"https:\/\/www.hcdelcalafate.gob.ar\/portal\/ordenanza-n-761-02\/\">Ordenanza N\u00b0 761\/02<\/a><div class=\"lcp_excerpt\">Incorporar al art. 15\u00b0 de la Ordenanza N\u00b0 247\/94 (tarifaria municipal) en concepto de Derecho de Habilitaci\u00f3n Comercial a las Agencias de Remises.\u00a0DEROGADA POR ORDENANZA N\u00b0 831\/04.\u00a0 DEROGADA POR ORDENANZA N\u00ba 2088\/18.\n\t\t\t\n\t\t\t\t\t\tVER DOCUMENTO COMPLETO \/\/ Estado: DEROGADA\n\t\t\t\t\t\n<\/div><\/li><li><a href=\"https:\/\/www.hcdelcalafate.gob.ar\/portal\/ordenanza-n-760-02\/\">Ordenanza N\u00b0 760\/02<\/a><div class=\"lcp_excerpt\">Eximir del pago de la deuda contra\u00edda por la Sra. Marta Raquel VIVAR, sobre el inmueble lote 18 Mza. 71.\u00a0MODIFICADA MEDIANTE ORDENANZA N\u00b0 785\/03.\n\t\t\t\n\t\t\t\t\t\tVER DOCUMENTO COMPLETO \/\/ Estado: MODIFICADA\n\t\t\t\t\t\n<\/div><\/li><li><a href=\"https:\/\/www.hcdelcalafate.gob.ar\/portal\/ordenanza-n-759-02\/\">Ordenanza N\u00b0 759\/02<\/a><div class=\"lcp_excerpt\">Modificar art\u00edculo 2\u00b0\u00a0Ordenanza N\u00b0 669\/01. referente al cobro del Estacionamiento Medido\n\t\t\t\n\t\t\t\t\t\tVER DOCUMENTO COMPLETO \/\/ Estado: VIGENTE\n\t\t\t\t\t\n<\/div><\/li><li><a href=\"https:\/\/www.hcdelcalafate.gob.ar\/portal\/ordenanza-n-758-02\/\">Ordenanza N\u00b0 758\/02<\/a><div class=\"lcp_excerpt\">Instituir la figura de Inspector Ambiental Comunitario en la Dir. de Medio Ambiente y recursos naturales. Las actas ser\u00e1n labradas seg\u00fan Ordenanza N\u00b0 047\/91 art. 21\u00b0.\n\t\t\t\n\t\t\t\t\t\tVER DOCUMENTO COMPLETO \/\/ Estado: VIGENTE\n\t\t\t\t\t\n<\/div><\/li><li><a href=\"https:\/\/www.hcdelcalafate.gob.ar\/portal\/ordenanza-n-757-02\/\">Ordenanza N\u00b0 757\/02<\/a><div class=\"lcp_excerpt\">Establecer para los terrenos destinados a actividades comerciales 95% Factor ocupaci\u00f3n del Suelo.\n\t\t\t\n\t\t\t\t\t\tVER DOCUMENTO COMPLETO \/\/ Estado: VIGENTE\n\t\t\t\t\t\n<\/div><\/li><li><a href=\"https:\/\/www.hcdelcalafate.gob.ar\/portal\/ordenanza-n-756-02\/\">Ordenanza N\u00b0 756\/02<\/a><div class=\"lcp_excerpt\">Regular las reglamentaciones de restricci\u00f3n de estacionamiento en la v\u00eda p\u00fablica. Incorpora Art. 188\u00b0 bis. a la Ordenanza N\u00b0 046\/91 (C\u00f3digo Fiscal Municipal). Incorpora Art. 24\u00b0 bis Ordenanza N\u00b0 247\/94. Reglamentar las normas establecidas para el Banco Provincia, S.P.S.E. y Correo Argentino seg\u00fan la presente normativa.\n\t\t\t\n\t\t\t\t\t\tVER DOCUMENTO COMPLETO \/\/ Estado: ...<\/div><\/li><li><a href=\"https:\/\/www.hcdelcalafate.gob.ar\/portal\/ordenanza-n-755-02\/\">Ordenanza N\u00b0 755\/02<\/a><div class=\"lcp_excerpt\">Se establecen la normativa de tipo y tama\u00f1o\u00a0 de marquesinas.\nA efectos del canon a abonar por ocupaci\u00f3n de espacio p\u00fablico este deber\u00e1 ser liquidado de acuerdo a lo establecido en el articulo 5\u00b0 punto N\u00b0 8 de la Ordenanza N\u00b0 247\/94.\n\t\t\t\n\t\t\t\t\t\tVER DOCUMENTO COMPLETO \/\/ Estado: VIGENTE\n\t\t\t\t\t\n<\/div><\/li><li><a href=\"https:\/\/www.hcdelcalafate.gob.ar\/portal\/ordenanza-n-754-02\/\">Ordenanza N\u00b0 754\/02<\/a><div class=\"lcp_excerpt\">Modificar art. 26\u00b0 Ordenanza N\u00b0 543\/99&nbsp;horario de cierre de comercio con expendio de bebidas Alcoh\u00f3licas clase 5 - Locales nocturnos.\n MODIFICADA por Ordenanza N\u00b0 1873\/16.\n\t\t\t\n\t\t\t\t\t\tVER DOCUMENTO COMPLETO \/\/ Estado: MODIFICADA\n\t\t\t\t\t\n<\/div><\/li><li><a href=\"https:\/\/www.hcdelcalafate.gob.ar\/portal\/ordenanza-n-753-02\/\">Ordenanza N\u00b0 753\/02<\/a><div class=\"lcp_excerpt\">Prohibir la descarga y ocupaci\u00f3n con materiales, maquinaria, escombros, etc. en la v\u00eda p\u00fablica. Contenedores reglamentados seg\u00fan Ordenanza N\u00b0 501\/98, habilitados previamente por la Direcci\u00f3n de Gobierno.\n MODIFICADA por Ordenanza N\u00b0 1058\/07. \nMODIFICADA por\u00a0Ordenanza N\u00b0 1203\/09.\n\t\t\t\n\t\t\t\t\t\tVER DOCUMENTO COMPLETO \/\/ Estado: MODIFICADA\n\t\t\t\t\t\n<\/div><\/li><li><a href=\"https:\/\/www.hcdelcalafate.gob.ar\/portal\/ordenanza-n-752-02\/\">Ordenanza N\u00b0 752\/02<\/a><div class=\"lcp_excerpt\">Declarar plaza al lote 21 Mza. 118 del B\u00b0 Lago Argentino.\n\t\t\t\n\t\t\t\t\t\tVER DOCUMENTO COMPLETO \/\/ Estado: VIGENTE\n\t\t\t\t\t\n<\/div><\/li><li><a href=\"https:\/\/www.hcdelcalafate.gob.ar\/portal\/ordenanza-n-751-02\/\">Ordenanza N\u00b0 751\/02<\/a><div class=\"lcp_excerpt\">Aprobar decreto Ad-Refer\u00e9ndum N\u00b0 949\/02, referente al convenio entre Intendente Municipal y Centro de Jubilados Calafate\u00f1o.\n\t\t\t\n\t\t\t\t\t\tVER DOCUMENTO COMPLETO \/\/ Estado: VIGENTE\n\t\t\t\t\t\n<\/div><\/li><li><a href=\"https:\/\/www.hcdelcalafate.gob.ar\/portal\/ordenanza-n-750-02\/\">Ordenanza N\u00b0 750\/02<\/a><div class=\"lcp_excerpt\">AUTORIZAR al Ejecutivo Municipal a exceptuar por \u00fanica vez el Art. 1\u00b0 de la Ordenanza N\u00b0 664\/01, por la cual se le concede a favor del Sr. Carlos Enrique Gim\u00e9nez N\u00b0 Expediente N\u00b0 890\/98 correspondiente al Lote 6 b3 de la manzana 62a, un ancho m\u00ednimo de 10 mts. de ...<\/div><\/li><li><a href=\"https:\/\/www.hcdelcalafate.gob.ar\/portal\/ordenanza-n-749-02\/\">Ordenanza N\u00b0 749\/02<\/a><div class=\"lcp_excerpt\">DAR CONFORMIDAD, al cambio de Raz\u00f3n Social solicitada por el Se\u00f1or Rolando Lofredo, de la Denominaci\u00f3n Societaria de la Empresa Video Cable Color C.C. Dos El Calafate S.R.L. por su nueva Raz\u00f3n Social T.V. 5\u00a0 Calafate video Cable S.A.\n\t\t\t\n\t\t\t\t\t\tVER DOCUMENTO COMPLETO \/\/ Estado: VIGENTE\n\t\t\t\t\t\n<\/div><\/li><li><a href=\"https:\/\/www.hcdelcalafate.gob.ar\/portal\/ordenanza-n-748-02\/\">Ordenanza N\u00b0 748\/02<\/a><div class=\"lcp_excerpt\">Incorporar en el Art .3\u00b0 de la Ordenanza N\u00b0 502\/98 s\/empleados de tarea de Promotor Social\n\t\t\t\n\t\t\t\t\t\tVER DOCUMENTO COMPLETO \/\/ Estado: VIGENTE\n\t\t\t\t\t\n<\/div><\/li><li><a href=\"https:\/\/www.hcdelcalafate.gob.ar\/portal\/ordenanza-n-747-02\/\">Ordenanza N\u00b0 747\/02<\/a><div class=\"lcp_excerpt\">Modificar Art. 2\u00b0 e incorporar Art. 3\u00b0 a la Ordenanza N\u00b0 297\/96. (ARTESANOS)\n\t\t\t\n\t\t\t\t\t\tVER DOCUMENTO COMPLETO \/\/ Estado: VIGENTE\n\t\t\t\t\t\n<\/div><\/li><li><a href=\"https:\/\/www.hcdelcalafate.gob.ar\/portal\/ordenanza-n-746-02\/\">Ordenanza N\u00b0 746\/02<\/a><div class=\"lcp_excerpt\">Adherir al Decreto Municipal N\u00b0 898\/02, en adhesi\u00f3n al Decreto Provincial (asignaci\u00f3n por hijo).\n\t\t\t\n\t\t\t\t\t\tVER DOCUMENTO COMPLETO \/\/ Estado: VIGENTE\n\t\t\t\t\t\n<\/div><\/li><li><a href=\"https:\/\/www.hcdelcalafate.gob.ar\/portal\/ordenanza-n-745-02\/\">Ordenanza N\u00b0 745\/02<\/a><div class=\"lcp_excerpt\">Establecer normativas sobre agencias de alquiler de autos s\/chofer.\n\t\t\t\n\t\t\t\t\t\tVER DOCUMENTO COMPLETO \/\/ Estado: VIGENTE\n\t\t\t\t\t\n<\/div><\/li><li><a href=\"https:\/\/www.hcdelcalafate.gob.ar\/portal\/ordenanza-n-744-02\/\">Ordenanza N\u00b0 744\/02<\/a><div class=\"lcp_excerpt\">Reservar predio identificado como ex Vivero para ampliaci\u00f3n del cementerio.\n\t\t\t\n\t\t\t\t\t\tVER DOCUMENTO COMPLETO \/\/ Estado: VIGENTE\n\t\t\t\t\t\n<\/div><\/li><li><a href=\"https:\/\/www.hcdelcalafate.gob.ar\/portal\/ordenanza-n-743-02\/\">Ordenanza N\u00b0 743\/02<\/a><div class=\"lcp_excerpt\">Aprobar convenio celebrado entre la Municipalidad y la Dra. Emilse Solari, referente al servicio del Dispensario.\n\t\t\t\n\t\t\t\t\t\tVER DOCUMENTO COMPLETO \/\/ Estado: VIGENTE\n\t\t\t\t\t\n<\/div><\/li><li><a href=\"https:\/\/www.hcdelcalafate.gob.ar\/portal\/ordenanza-n-742-02\/\">Ordenanza N\u00b0 742\/02<\/a><div class=\"lcp_excerpt\">Crear \"Comisi\u00f3n Evaluadora y Asesora del Ej. Municipal\", sobre futuras compras de maquinarias.\n\t\t\t\n\t\t\t\t\t\tVER DOCUMENTO COMPLETO \/\/ Estado: VIGENTE\n\t\t\t\t\t\n<\/div><\/li><li><a href=\"https:\/\/www.hcdelcalafate.gob.ar\/portal\/ordenanza-n-741-02\/\">Ordenanza N\u00b0 741\/02<\/a><div class=\"lcp_excerpt\">Modificar art. 7\u00b0 de la Ordenanza N\u00b0 440\/97 referente a\u00a0 productos \u201cHecho en Calafate\u201d.\nMODIFICA LA POR ORDENANZA N\u00b0 741\/02.\nDEROGADA POR\u00a0ORDENANZA N\u00b0 1924\/16.\n\t\t\t\n\t\t\t\t\t\tVER DOCUMENTO COMPLETO \/\/ Estado: DEROGADA\n\t\t\t\t\t\n<\/div><\/li><li><a href=\"https:\/\/www.hcdelcalafate.gob.ar\/portal\/ordenanza-n-740-02\/\">Ordenanza N\u00b0 740\/02<\/a><div class=\"lcp_excerpt\">Fijar con car\u00e1cter de excepci\u00f3n para la Mza. 18 lote 4 d 95% de Factor Ocupaci\u00f3n del suelo.\n\t\t\t\n\t\t\t\t\t\tVER DOCUMENTO COMPLETO \/\/ Estado: VIGENTE\n\t\t\t\t\t\n<\/div><\/li><li><a href=\"https:\/\/www.hcdelcalafate.gob.ar\/portal\/ordenanza-n-739-02\/\">Ordenanza N\u00b0 739\/02<\/a><div class=\"lcp_excerpt\">ESTABLECESE, en todas las Obras nuevas de tendidos de l\u00edneas o infraestructuras de distribuci\u00f3n y suministro de energ\u00eda el\u00e9ctrica, comunicaciones, se\u00f1ales de video o datos para redes, y todo equipo de apoyo cuya tecnolog\u00eda permita su instalaciones en el subsuelo, se lleve a cabo en forma subterr\u00e1nea.\nTODO trabajo de ampliaci\u00f3n, ...<\/div><\/li><li><a href=\"https:\/\/www.hcdelcalafate.gob.ar\/portal\/ordenanza-n-738-02\/\">Ordenanza N\u00b0 738\/02<\/a><div class=\"lcp_excerpt\">Crear Direcci\u00f3n de Medio Ambiente y Recursos Naturales, dependiente de la Secretar\u00eda de Turismo.\n\t\t\t\n\t\t\t\t\t\tVER DOCUMENTO COMPLETO \/\/ Estado: VIGENTE\n\t\t\t\t\t\n<\/div><\/li><li><a href=\"https:\/\/www.hcdelcalafate.gob.ar\/portal\/ordenanza-n-737-02\/\">Ordenanza N\u00b0 737\/02<\/a><div class=\"lcp_excerpt\">Aprobar decreto Ad-Refer\u00e9ndum N\u00b0 810\/02, referente a la renuncia sobre derechos proporcionales sobre transferencia de propiedad del Sr. Argentino Gutierrez.\n\t\t\t\n\t\t\t\t\t\tVER DOCUMENTO COMPLETO \/\/ Estado: VIGENTE\n\t\t\t\t\t\n<\/div><\/li><li><a href=\"https:\/\/www.hcdelcalafate.gob.ar\/portal\/ordenanza-n-736-02\/\">Ordenanza N\u00b0 736\/02<\/a><div class=\"lcp_excerpt\">Ratificar el convenio Marco de Cooperaci\u00f3n ente el municipio y el CEAMSE.\n\t\t\t\n\t\t\t\t\t\tVER DOCUMENTO COMPLETO \/\/ Estado: VIGENTE\n\t\t\t\t\t\n<\/div><\/li><li><a href=\"https:\/\/www.hcdelcalafate.gob.ar\/portal\/ordenanza-n-735-02\/\">Ordenanza N\u00b0 735\/02<\/a><div class=\"lcp_excerpt\">Denominar al calle n\u00b0 68 del B\u00b0 Cerro Calafate, con el nombre de RUFINO BARRAGAN.\n\t\t\t\n\t\t\t\t\t\tVER DOCUMENTO COMPLETO \/\/ Estado: VIGENTE\n\t\t\t\t\t\n<\/div><\/li><li><a href=\"https:\/\/www.hcdelcalafate.gob.ar\/portal\/ordenanza-n-734-02\/\">Ordenanza N\u00b0 734\/02<\/a><div class=\"lcp_excerpt\">MODIFICASE el Art\u00edculo 27\u00b0 de la Ordenanza N\u00b0 665\/01, que quedar\u00eda redactado de la siguiente forma: \u201cDesde el momento en que se efect\u00fae la autorizaci\u00f3n de venta, los agentes de desarrollo o los adquirientes comenzar\u00e1n a tributar los Impuestos Municipales del nuevo parcelamiento o subdivisi\u00f3n a partir de los doce ...<\/div><\/li><li><a href=\"https:\/\/www.hcdelcalafate.gob.ar\/portal\/ordenanza-n-733-02\/\">Ordenanza N\u00b0 733\/02<\/a><div class=\"lcp_excerpt\">Aprobar la donaci\u00f3n de una computadora e impresora USADA por parte del Sr. MARIO PIERO GUATTI.\n\t\t\t\n\t\t\t\t\t\tVER DOCUMENTO COMPLETO \/\/ Estado: VIGENTE\n\t\t\t\t\t\n<\/div><\/li><li><a href=\"https:\/\/www.hcdelcalafate.gob.ar\/portal\/ordenanza-n-732-02\/\">Ordenanza N\u00b0 732\/02<\/a><div class=\"lcp_excerpt\">Aprobar la donaci\u00f3n de una computadora e impresora por parte de la Empresa GADOR VIAJES.\n\t\t\t\n\t\t\t\t\t\tVER DOCUMENTO COMPLETO \/\/ Estado: VIGENTE\n\t\t\t\t\t\n<\/div><\/li><li><a href=\"https:\/\/www.hcdelcalafate.gob.ar\/portal\/ordenanza-n-731-02\/\">Ordenanza N\u00b0 731\/02<\/a><div class=\"lcp_excerpt\">Imponer el nombre de \"JUAN D. PERON\" a la calle 29.\n\t\t\t\n\t\t\t\t\t\tVER DOCUMENTO COMPLETO \/\/ Estado: VIGENTE\n\t\t\t\t\t\n<\/div><\/li><li><a href=\"https:\/\/www.hcdelcalafate.gob.ar\/portal\/ordenanza-n-730-02\/\">Ordenanza N\u00b0 730\/02<\/a><div class=\"lcp_excerpt\">Imponer el nombre de \"Antonio Soto\" a la calle 13.\n\t\t\t\n\t\t\t\t\t\tVER DOCUMENTO COMPLETO \/\/ Estado: VIGENTE\n\t\t\t\t\t\n<\/div><\/li><li><a href=\"https:\/\/www.hcdelcalafate.gob.ar\/portal\/ordenanza-n-729-02\/\">Ordenanza N\u00b0 729\/02<\/a><div class=\"lcp_excerpt\">Eximir impuesto inmobiliario y serv. Retribuido periodo fiscal 2001 a la Asociaci\u00f3n Testigos de Jehov\u00e1\n\t\t\t\n\t\t\t\t\t\tVER DOCUMENTO COMPLETO \/\/ Estado: VIGENTE\n\t\t\t\t\t\n<\/div><\/li><li><a href=\"https:\/\/www.hcdelcalafate.gob.ar\/portal\/ordenanza-n-728-02\/\">Ordenanza N\u00b0 728\/02<\/a><div class=\"lcp_excerpt\">Eximir impuesto inmobiliario y serv. Retribuido periodo fiscal 98 al 2001 a la Iglesia Evang\u00e9lica Cristo es la Repuesta.\n\t\t\t\n\t\t\t\t\t\tVER DOCUMENTO COMPLETO \/\/ Estado: VIGENTE\n\t\t\t\t\t\n<\/div><\/li><li><a href=\"https:\/\/www.hcdelcalafate.gob.ar\/portal\/ordenanza-n-727-02\/\">Ordenanza N\u00b0 727\/02<\/a><div class=\"lcp_excerpt\">Eximir de los Impuestos Municipales a las asociaciones Religiosas. (IGLESIAS, CULTOS)\n\t\t\t\n\t\t\t\t\t\tVER DOCUMENTO COMPLETO \/\/ Estado: VIGENTE\n\t\t\t\t\t\n<\/div><\/li><li><a href=\"https:\/\/www.hcdelcalafate.gob.ar\/portal\/ordenanza-n-726-02\/\">Ordenanza N\u00b0 726\/02<\/a><div class=\"lcp_excerpt\">Aprobar decreto Ad-Referendum, referente al loteo \"Soberana\", con modificaciones.\n\t\t\t\n\t\t\t\t\t\tVER DOCUMENTO COMPLETO \/\/ Estado: VIGENTE\n\t\t\t\t\t\n<\/div><\/li><li><a href=\"https:\/\/www.hcdelcalafate.gob.ar\/portal\/ordenanza-n-725-02\/\">Ordenanza N\u00b0 725\/02<\/a><div class=\"lcp_excerpt\">Aprobar Proyecto de Ordenanza referente a la creaci\u00f3n de secciones catastrales denominadas C11, C12 y C7 en Pta. Soberana.\n\t\t\t\n\t\t\t\t\t\tVER DOCUMENTO COMPLETO \/\/ Estado: VIGENTE\n\t\t\t\t\t\n<\/div><\/li><li><a href=\"https:\/\/www.hcdelcalafate.gob.ar\/portal\/ordenanza-n-724-02\/\">Ordenanza N\u00b0 724\/02<\/a><div class=\"lcp_excerpt\">APROBAR el Decreto Municipal N\u00b0 404\/02 Ad-Referendum de este Honorable Concejo Deliberante, referente a fijar una nueva l\u00ednea de edificaci\u00f3n Norte en las Manzanas 62-a, 62-b, 62-c, 62-f, 62-g, y 62-h, con modificaci\u00f3n en Art\u00edculo 5\u00b0.\n\t\t\t\n\t\t\t\t\t\tVER DOCUMENTO COMPLETO \/\/ Estado: VIGENTE\n\t\t\t\t\t\n<\/div><\/li><li><a href=\"https:\/\/www.hcdelcalafate.gob.ar\/portal\/ordenanza-n-723-02\/\">Ordenanza N\u00b0 723\/02<\/a><div class=\"lcp_excerpt\">Eximir impuesto inmobiliario y servicios retribuidos al Centro de Jubilados.\n\t\t\t\n\t\t\t\t\t\tVER DOCUMENTO COMPLETO \/\/ Estado: VIGENTE\n\t\t\t\t\t\n<\/div><\/li><li><a href=\"https:\/\/www.hcdelcalafate.gob.ar\/portal\/ordenanza-n-722-02\/\">Ordenanza N\u00b0 722\/02<\/a><div class=\"lcp_excerpt\">Eximir impuesto inmobiliario y servicios retribuidos a iglesia Evang\u00e9lica\n\t\t\t\n\t\t\t\t\t\tVER DOCUMENTO COMPLETO \/\/ Estado: VIGENTE\n\t\t\t\t\t\n<\/div><\/li><li><a href=\"https:\/\/www.hcdelcalafate.gob.ar\/portal\/ordenanza-n-721-02\/\">Ordenanza N\u00b0 721\/02<\/a><div class=\"lcp_excerpt\">Ratificar el convenio celebrado entre el Sr. Intendente N\u00e9stor S. M\u00e9ndez, y el Sr. Presidente del IDUV. Ing. Jos\u00e9 F. L\u00f3pez, seg\u00fan Resoluci\u00f3n N\u00b0 003 del 13\/02\/02.\n\t\t\t\n\t\t\t\t\t\tVER DOCUMENTO COMPLETO \/\/ Estado: VIGENTE\n\t\t\t\t\t\n<\/div><\/li><li><a href=\"https:\/\/www.hcdelcalafate.gob.ar\/portal\/ordenanza-n-720-02\/\">Ordenanza N\u00b0 720\/02<\/a><div class=\"lcp_excerpt\">Ratificar convenio entre Municipalidad de El Calafate y el IDUV\n\t\t\t\n\t\t\t\t\t\tVER DOCUMENTO COMPLETO \/\/ Estado: VIGENTE\n\t\t\t\t\t\n<\/div><\/li><li><a href=\"https:\/\/www.hcdelcalafate.gob.ar\/portal\/ordenanza-n-719-02\/\">Ordenanza N\u00b0 719\/02<\/a><div class=\"lcp_excerpt\">Denominar calle N\u00b0 355 con el nombre de Cnl. Emiliano Huerta\n\t\t\t\n\t\t\t\t\t\tVER DOCUMENTO COMPLETO \/\/ Estado: VIGENTE\n\t\t\t\t\t\n<\/div><\/li><li><a href=\"https:\/\/www.hcdelcalafate.gob.ar\/portal\/ordenanza-n-718-02\/\">Ordenanza N\u00b0 718\/02<\/a><div class=\"lcp_excerpt\">DENOMINAR con el nombre de \"MARIA EVA DUARTE DE PERON\" a la calle N\u00b0 52 de la Localidad de El Calafate.\n\t\t\t\n\t\t\t\t\t\tVER DOCUMENTO COMPLETO \/\/ Estado: VIGENTE\n\t\t\t\t\t\n<\/div><\/li><li><a href=\"https:\/\/www.hcdelcalafate.gob.ar\/portal\/ordenanza-n-717-02\/\">Ordenanza N\u00b0 717\/02<\/a><div class=\"lcp_excerpt\">Eximir pago tierra adj. Lote 4 Mza. 115 Iglesia Evang\u00e9lica.\n\t\t\t\n\t\t\t\t\t\tVER DOCUMENTO COMPLETO \/\/ Estado: VIGENTE\n\t\t\t\t\t\n<\/div><\/li><li><a href=\"https:\/\/www.hcdelcalafate.gob.ar\/portal\/ordenanza-n-716-02\/\">Ordenanza N\u00b0 716\/02<\/a><div class=\"lcp_excerpt\">Autorizar al Dpto. Ejecutivo al llamado a licitaci\u00f3n p\u00fablica, para concesionar el Campo de Doma Municipal para la explotaci\u00f3n Tur\u00edstica.\n\t\t\t\n\t\t\t\t\t\tVER DOCUMENTO COMPLETO \/\/ Estado: VIGENTE\n\t\t\t\t\t\n<\/div><\/li><li><a href=\"https:\/\/www.hcdelcalafate.gob.ar\/portal\/ordenanza-n-715-02\/\">Ordenanza N\u00b0 715\/02<\/a><div class=\"lcp_excerpt\">Desafectar del dominio p\u00fablico la superficie de 820 m2., los adjudicatarios abonar\u00e1n los m2. Que se agreguen a sus lotes.\n\t\t\t\n\t\t\t\t\t\tVER DOCUMENTO COMPLETO \/\/ Estado: VIGENTE\n\t\t\t\t\t\n<\/div><\/li><li><a href=\"https:\/\/www.hcdelcalafate.gob.ar\/portal\/ordenanza-n-714-02\/\">Ordenanza N\u00b0 714\/02<\/a><div class=\"lcp_excerpt\">ESTABLEZCASE que las solicitudes de adjudicaciones en venta de mas de dos hect\u00e1reas.\n\t\t\t\n\t\t\t\t\t\tVER DOCUMENTO COMPLETO \/\/ Estado: VIGENTE\n\t\t\t\t\t\n<\/div><\/li><li><a href=\"https:\/\/www.hcdelcalafate.gob.ar\/portal\/ordenanza-n-713-02\/\">Ordenanza N\u00b0 713\/02<\/a><div class=\"lcp_excerpt\">Denominar a la Mza. 71 b Fracci\u00f3n II, con el nombre de \"MANUEL BELGRANO\", declarado \"Parque Recreativo\" seg\u00fan Ordenanza N\u00b0 312\/96.\n\t\t\t\n\t\t\t\t\t\tVER DOCUMENTO COMPLETO \/\/ Estado: VIGENTE\n\t\t\t\t\t\n<\/div><\/li><li><a href=\"https:\/\/www.hcdelcalafate.gob.ar\/portal\/ordenanza-n-712-02\/\">Ordenanza N\u00b0 712\/02<\/a><div class=\"lcp_excerpt\">Aprobar el Dto. Ad-Refer\u00e9ndum N\u00b0138\/02.\n\t\t\t\n\t\t\t\t\t\tVER DOCUMENTO COMPLETO \/\/ Estado: VIGENTE\n\t\t\t\t\t\n<\/div><\/li><li><a href=\"https:\/\/www.hcdelcalafate.gob.ar\/portal\/ordenanza-n-711-02\/\">Ordenanza N\u00b0 711\/02<\/a><div class=\"lcp_excerpt\">Autorizar a ceder en Canje a favor de la firma SNOWMASS S.A\n\t\t\t\n\t\t\t\t\t\tVER DOCUMENTO COMPLETO \/\/ Estado: VIGENTE\n\t\t\t\t\t\n<\/div><\/li><li><a href=\"https:\/\/www.hcdelcalafate.gob.ar\/portal\/ordenanza-n-710-02\/\">Ordenanza N\u00b0 710\/02<\/a><div class=\"lcp_excerpt\">APROBAR, en todo sus t\u00e9rminos el Decreto Ad-Refer\u00e9ndum del Honorable Concejo Deliberante N\u00b0 1028\/01, referente a dejar sin efecto a partir del 1\u00b0 de Diciembre de 2.001, el pago de los gastos de representaci\u00f3n previstos en la escala salarial Municipal vigente, para los funcionarios y el personal escalafonado comprendido entre ...<\/div><\/li><li><a href=\"https:\/\/www.hcdelcalafate.gob.ar\/portal\/ordenanza-n-709-02\/\">Ordenanza N\u00b0 709\/02<\/a><div class=\"lcp_excerpt\">Aprobar el Decreto Ad-Refer\u00e9ndum N\u00b0 002\/02 referente a prorrogar Ordenanza N\u00b0 692\/01.\n\t\t\t\n\t\t\t\t\t\tVER DOCUMENTO COMPLETO \/\/ Estado: VIGENTE\n\t\t\t\t\t\n<\/div><\/li><li><a href=\"https:\/\/www.hcdelcalafate.gob.ar\/portal\/ordenanza-n-708-02\/\">Ordenanza N\u00b0 708\/02<\/a><div class=\"lcp_excerpt\">Aprobar el Otorgamiento Cr\u00e9dito Fiscal al Personal Municipal.\u00a0 DEROGADA POR\u00a0ORDENANZA N\u00b0 821\/04\n\t\t\t\n\t\t\t\t\t\tVER DOCUMENTO COMPLETO \/\/ Estado: DEROGADA\n\t\t\t\t\t\n<\/div><\/li><\/ul>\n\n\n\n<hr class=\"wp-block-separator has-alpha-channel-opacity\"\/>\n\n\n\n<p class=\"has-text-align-center\"><em>Nota importante: Las Ordenanzas ser\u00e1n publicadas una vez promulgadas, <\/em><br><em>seg\u00fan se establece en el Art. N\u00b0 61 Inc. \u201ca\u201d de la Ley Provincial N\u00b0 55.<\/em><br><br><em>Puede ser que el estado del documento visitado no est\u00e9 actualizado, consulte el <\/em><br><em>Digesto Oficial en nuestras oficinas administrativas.<\/em> <\/p>\n","protected":false},"excerpt":{"rendered":"<p>Nota importante: Las Ordenanzas ser\u00e1n publicadas una vez promulgadas, seg\u00fan se establece en el Art. N\u00b0 61 Inc. \u201ca\u201d de la Ley Provincial N\u00b0 55. Puede ser que el estado&hellip; <\/p>\n","protected":false},"author":1,"featured_media":0,"parent":0,"menu_order":0,"comment_status":"closed","ping_status":"closed","template":"","meta":{"footnotes":""},"class_list":["post-1858","page","type-page","status-publish","hentry"],"_links":{"self":[{"href":"https:\/\/www.hcdelcalafate.gob.ar\/portal\/wp-json\/wp\/v2\/pages\/1858","targetHints":{"allow":["GET"]}}],"collection":[{"href":"https:\/\/www.hcdelcalafate.gob.ar\/portal\/wp-json\/wp\/v2\/pages"}],"about":[{"href":"https:\/\/www.hcdelcalafate.gob.ar\/portal\/wp-json\/wp\/v2\/types\/page"}],"author":[{"embeddable":true,"href":"https:\/\/www.hcdelcalafate.gob.ar\/portal\/wp-json\/wp\/v2\/users\/1"}],"replies":[{"embeddable":true,"href":"https:\/\/www.hcdelcalafate.gob.ar\/portal\/wp-json\/wp\/v2\/comments?post=1858"}],"version-history":[{"count":17,"href":"https:\/\/www.hcdelcalafate.gob.ar\/portal\/wp-json\/wp\/v2\/pages\/1858\/revisions"}],"predecessor-version":[{"id":26808,"href":"https:\/\/www.hcdelcalafate.gob.ar\/portal\/wp-json\/wp\/v2\/pages\/1858\/revisions\/26808"}],"wp:attachment":[{"href":"https:\/\/www.hcdelcalafate.gob.ar\/portal\/wp-json\/wp\/v2\/media?parent=1858"}],"curies":[{"name":"wp","href":"https:\/\/api.w.org\/{rel}","templated":true}]}}